6
Let s(r) = 82*r + 99 + 76*r - 29. What is the units digit of s(2)?
6
Suppose -k - 3*s + 235 = 0, -5*s = -4*k - k + 1095. Let x = -1399 + 1294. Let a = x + k. What is the hundreds digit of a?
1
Suppose 0 = -3*s + 2*c + 2*c - 6, -3*c = -9. Let z be (-1)/(0 + s/6) - 115. Let m = 212 + z. What is the tens digit of m?
9
Suppose 0 = 4*c - 4 - 8. Suppose 0 = h + c*h. Suppose h*b + 71 = 5*b + d, 2*d = 4*b - 68. What is the tens digit of b?
1
Suppose -3*v = -9*v + 72. Suppose 16*m = v*m + 1088. What is the units digit of m?
2
Let x(m) = -m**3 + 7*m**2 - 5*m + 49. Let r be x(7). Let c(d) = 99*d + 98. What is the tens digit of c(r)?
8
Suppose 0 = -3*c, -4*c - c = -3*h - 192. Let y = 62 + h. What is the units digit of (36*(5 + -3))/(y + 3)?
2
Let y = -1039 - -156. Let v = y + 1475. What is the tens digit of v?
9
Let b = -1435 + 220. Let y = b + 1746. What is the hundreds digit of y?
5
Let p be 666 + 6/(-7 + 1). Suppose 8*g - p = 687. What is the hundreds digit of g?
1
Let j = 8777 - 5510. Suppose 3635 = 17*a - j. What is the tens digit of a?
0
Let s = -133 + 110. What is the hundreds digit of (755/(-20))/(-1 - s/24)?
9
Let r be ((-2)/4)/(2/(-28)). Let n(m) be the second derivative of m**4/6 - m**3/3 + m**2/2 - 31*m + 16. What is the tens digit of n(r)?
8
Let c = 584 - 1204. Let b = -276 - c. What is the hundreds digit of b?
3
What is the thousands digit of (-322)/(9/(-162) + 0)?
5
Let k = -1195 + 840. Let i be 3 + k/(-20) + 2/8. Let r(x) = x**2 - 16*x + 8. What is the hundreds digit of r(i)?
1
Let j be 18/(-147)*7*7*39. Let y = j - -385. What is the hundreds digit of y?
1
Let b(l) = -8 + 3 + 7 - l**2 + 0*l**2 + l. Let c be b(2). Suppose -n + 2 = c, u + 5*n - 16 - 6 = 0. What is the tens digit of u?
1
Let f(v) = v**2 + 9*v - 2. Let n be f(-10). Let z be (-1842)/n*(-16)/(-12)*-2. What is the hundreds digit of -1 + z/6 - 8/(-12)?
1
Suppose -9217*u + 9232*u = 167115. What is the hundreds digit of u?
1
Let p = -693 - -759. Suppose 4*m = -3*b + 754, -p*b = -61*b + 3*m - 1242. What is the units digit of b?
6
Let n be 3/2*1*(1 - -1). Suppose -n*t - u = 49, -2*u + 20 = 2*u. Let b(a) = -a - 13. What is the units digit of b(t)?
5
Let x = 3644 - 3200. What is the tens digit of x?
4
Let o(y) = 32*y**3 - 4*y**2 + 7*y - 2. Let a be o(2). Suppose 29*p = 26*p + a. What is the tens digit of p?
8
Let u(d) = -d**3 - 5*d**2 + 19*d + 12. Let p be u(-7). Let k = p + 25. What is the units digit of (69 + -15)*1/k?
7
Suppose 297*f = -3*d + 301*f + 157734, d + 3*f - 52552 = 0. What is the ten thousands digit of d?
5
Let j = -338 + 235. Let a = j - -363. What is the tens digit of a?
6
Suppose 47*t - 24*t - 3634 = 0. Suppose 4*g = 5786 - t. What is the hundreds digit of g?
4
Let s(a) = -7*a**2 + 36*a - 8. Let z be s(5). Let q(l) = -22*l**3 - 6*l**2 - 3*l + 6. What is the units digit of q(z)?
5
Let f(d) = 8*d + 0*d**3 - 18 - 10*d**2 + 3*d**3 - 4*d**3 + d**2. Let z be f(-10). Suppose 4*n + 0*i = -2*i + 350, -i = -z*n + 169. What is the tens digit of n?
8
Suppose 0 = 3*f - f - 56. Let c be ((-8)/6)/(f/126). Let j = c - -14. What is the units digit of j?
8
Let b = 26404 - 3503. What is the units digit of b?
1
Let k(g) = 67*g**2 + 13*g - 112. What is the units digit of k(-17)?
0
Let q(x) = 343*x**2 - 38*x + 169. What is the units digit of q(4)?
5
Let i be ((-36)/(-21))/6 - 474/(-7). Let n = 129 - i. Let p = n + -10. What is the tens digit of p?
5
Let g(i) = -4*i + 16*i + 19 + 16*i**2 + i + 3. What is the units digit of g(7)?
7
Let s(c) = 2574*c + 588. What is the units digit of s(6)?
2
Let s(q) = q**3 - 3*q**2 - 13*q + 3. Let g be s(0). Suppose 3*h - 2*h = 0. Suppose -j - 3*j - d = -291, -2*j - g*d + 143 = h. What is the tens digit of j?
7
Suppose -212 = -11*q + 613. Let l = 79 - q. Suppose -5*x = 3*h - 95, 0 = l*h + x + 2*x - 112. What is the units digit of h?
5
Suppose -329 = 2*a + 349. Let b = 807 + a. What is the units digit of b?
8
Suppose -4*p = 3*q - 129791, -110102 = -4*q - p + 62983. What is the units digit of q?
3
Let v(f) = 822*f - 21. Suppose 10*y + 1 = 11. What is the units digit of v(y)?
1
Suppose -5*q + 4*x + 14095 = 5*x, 4*q - 4*x = 11300. Suppose 143*w - 149*w = -q. What is the units digit of w?
0
Suppose 36*u + 3*y = 34*u + 4558, -y + 2 = 0. What is the tens digit of u?
7
Let l be (-2)/((-14)/(-35) + 0). What is the tens digit of (-16164)/60*l/3?
4
Let h(i) = i**2 + 39*i + 13. Let q be h(-31). Let t = 349 + q. What is the hundreds digit of t?
1
Let a be (-8)/(-10) + 112/35. Suppose 2*w = -a*w. Suppose w = -s + 40. What is the tens digit of s?
4
Suppose 12*l - 42417 - 21387 = 0. What is the units digit of l?
7
Suppose 51239 = 42*f - 39*f + d, 2*d + 85391 = 5*f. What is the hundreds digit of f?
0
Suppose 23*o - 4*o = 277020. Suppose -79*t - o = -94*t. What is the hundreds digit of t?
9
Let a(j) = 42*j**3 - 3*j**2 + 4. Let m be (12/15)/((-72)/20 + 4). Let o be a(m). Suppose -120 = -4*g - 3*n + o, -n = 0. What is the hundreds digit of g?
1
Let a = -27 + 37. Suppose a*x - x = 27. Suppose -g - 5 = 0, -c = -2*c - x*g + 90. What is the units digit of c?
5
Let i(f) = -15*f**2 + 3*f + 39. Let d be i(-5). Let m = -343 - d. What is the units digit of m?
8
Let o = -552 - -830. Suppose 5*x - o - 12 = 0. Suppose -61*r = -x*r - 198. What is the tens digit of r?
6
Suppose 80046 = -38*f + 423376. What is the thousands digit of f?
9
Let s(h) = h**3 - 1. Let x(o) = -582*o**3 - 2*o**2 + 5*o - 7. Let g(v) = 4*s(v) - x(v). What is the units digit of g(1)?
6
Let p(g) = -4 - 5*g**3 + 4*g**3 - 5 - 2*g**2 + 5 + 3*g. Let h be p(-4). Suppose 512 = h*z - 96. What is the tens digit of z?
3
Suppose -15 = -2*t - 7. Suppose 3*p + 2 = -t. What is the hundreds digit of (35 + 10)/(p/(-8) - 0)?
1
Suppose 28*g - 9486 - 121823 = 9*g. What is the units digit of g?
1
What is the units digit of (-287388)/(-45) + (-18)/45?
6
Let m(v) = v**3 - 13*v**2 - 4*v - 10. Let l be m(7). Let h = l - -554. What is the units digit of h?
2
Let n(z) = 809*z + 1916. What is the ten thousands digit of n(10)?
1
Suppose 116*j + 38066 = 3*d + 115*j, 4*j = -2*d + 25368. What is the units digit of d?
8
Let p(c) = -c**3 - 553 + 561 - 2*c + 3*c - 5*c - 10*c**2. What is the tens digit of p(-10)?
4
Let w = 30 - 115. Let h = 90 + w. Suppose h*j - 580 = -0*j. What is the units digit of j?
6
Let i be (-150)/30 + 62/2. Suppose -a = 29 - i. What is the tens digit of -2 - -6 - (-215 - a)?
1
Let u be 4/(-1) - (75 + -82). What is the hundreds digit of 16269/27 + 8*u/54?
6
What is the tens digit of (-266454)/(-34) + (-70)/(-595)?
3
Suppose -p - 3*p - 2*c = -34636, 2*c - 43292 = -5*p. What is the thousands digit of p?
8
Let m(t) be the second derivative of -53*t**3/6 - 11*t**2/2 + 5*t. Let l be 8/(-12) - 4/3. What is the units digit of m(l)?
5
Let i(z) = -21*z + 1. Let o(p) = -42*p + 2. Suppose -6*f = 30 - 12. Let r(v) = f*o(v) + 5*i(v). What is the hundreds digit of r(8)?
1
Suppose 4*z - 14 = -10. What is the hundreds digit of (6 - 99/36)/(z/152)?
4
Suppose -72*l - 499609 = -112*l + 20991. What is the tens digit of l?
1
Let q(i) = 2003*i**2 + 7*i + 12. What is the thousands digit of q(-2)?
8
Let a(h) = -h. Let t(l) = -7*l + 135. Let w(k) = 3*a(k) + t(k). What is the hundreds digit of w(-15)?
2
Let w(c) = -2*c**3 - 124*c**2 - 118*c + 102. What is the hundreds digit of w(-62)?
4
Let i(o) = o**3 + 17*o**2 - 16*o + 18. Let m(h) = h**3 + 6*h**2 - 18. Let q be m(-6). Let x be i(q). What is the tens digit of x/8*(-276)/(-18)*-4?
3
Let m = 13 + -11. Suppose m*i - 4*t = 6 + 218, 0 = -4*t - 20. What is the hundreds digit of i?
1
Suppose 0 = -g - 4*c - 63, -16*c - 331 = 5*g - 12*c. Let k = 144 + g. What is the tens digit of k?
7
Let u(z) = z**3 + 54*z**2 + 11*z - 385. What is the thousands digit of u(-47)?
4
Let y(o) = o**2 + 4*o + 4. Let h be y(-2). Suppose h = 5*j - 44 - 1. Suppose j*q - 238 = 2*q. What is the tens digit of q?
3
Suppose 0 = -3*s + 3, 4*i = -0*s + 2*s + 2. What is the tens digit of i - (-441 - (-6 + 0))?
3
Suppose -5*h = 2*p + 21, 5*p - 6 = -21. Let j be ((-2)/h)/(((-10)/(-171))/5). Suppose -z = -j - 79. What is the units digit of z?
6
What is the hundreds digit of (4145050/(-4))/(-35) - ((-9)/(-2) + -3)?
6
Let y(k) = k**3 - 33*k**2 - 128*k - 132. What is the thousands digit of y(41)?
8
Let o = -158 + 156. Let k(s) = 144*s - 6. Let a(